, -4*f - 5*q + 3 = 0. Suppose 0 = -m - 5*c + 52, -5*c - 82 = -f*m + 67. List the prime factors of m.
67
Let j(i) be the second derivative of 28*i**3/3 + 2*i**2 - i. Let w be 4/((-16)/12) + 4/1. What are the prime factors of j(w)?
2, 3, 5
Let w be (-10)/4*-1*(79 + 1). Suppose 5*s + 5*p = -59 + 609, 2*s - 3*p = w. What are the prime factors of s?
2, 53
Let r be (-3)/(3*(-2)/52). Let n = -3 + r. Let d = 41 - n. What are the prime factors of d?
2, 3
Suppose 2*x - 12 = -0*x. Suppose o + 125 = x*o. Suppose -4*b - o = -5*b. List the prime factors of b.
5
Let n(q) = -2*q + 8. Let m be n(-5). Let p be 14/63 + (-580)/m. Let b = p - -62. What are the prime factors of b?
2, 3, 5
Suppose -10*d + 6765 + 10585 = 0. List the prime factors of d.
5, 347
What are the prime factors of (9/(-6))/(3/(-726))?
3, 11
Let l(t) = -8*t**3 - 3*t**2 + 4*t + 25. What are the prime factors of l(-5)?
2, 3, 5, 31
Let i(t) = 2*t - 11. Let l be i(3). What are the prime factors of 0/l - 0 - -70?
2, 5, 7
Let c be 2 - -1 - (9 + 5). Let w = 244 - c. What are the prime factors of w?
3, 5, 17
Let m(j) = j**2 + 5*j + 1. Let y be m(-5). Let l(w) = 70*w**3 - 3*w**2 - w + 3. List the prime factors of l(y).
3, 23
Let u be 2/4*2*0. Let o(c) = -7*c + 111. What are the prime factors of o(u)?
3, 37
Let k(x) = -3*x**2 + 3*x - 6. Let y(f) = -f**2 - f - 1. Let b(t) = -k(t) + 2*y(t). Suppose 0 = 2*n - 3*n + 7. List the prime factors of b(n).
2, 3
Let m(r) = r**2 + 13*r - 17. Let v be m(10). Let s = 467 - v. What are the prime factors of s?
2, 127
Suppose -82 + 10 = 4*m. Let j = m - -24. List the prime factors of j.
2, 3
Let x be 10/(-25) + (-118)/5. Let f = x - -18. List the prime factors of (24 + -6)/((-4)/f).
3
Let i(j) = -j**3 + 8*j**2 + 8*j + 4. Let u be i(9). Let l(x) = -x**3 - 7*x**2 - 9*x - 4. Let g be l(u). What are the prime factors of -6 - g - (1 + -52)?
2, 3
Let y = 4 + -7. Let f be y + -1*(-12)/2. What are the prime factors of f/(-4)*96/(-12)?
2, 3
List the prime factors of (-786)/9*(-42)/28.
131
Suppose -17*d = -23*d + 2730. List the prime factors of d.
5, 7, 13
Suppose 0 = -4*p - 2*n + 7*n + 1051, -2*n + 530 = 2*p. List the prime factors of p.
2, 3, 11
Suppose -359 = 6*d + 163. Let o = -2 - d. List the prime factors of o.
5, 17
Let q = 280 + 328. List the prime factors of q.
2, 19
List the prime factors of -10 + 585897/143 + (-2)/11.
61, 67
Let t be (-4)/(-4)*3 - -1. Suppose -3*y + 2*y = t*r - 9, 2*r + 2*y = 0. What are the prime factors of r?
3
Let n(x) = 24*x. Let u be n(5). Let c(o) = o**3 + 12*o**2 + 6*o + 13. Let a be c(-12). Let q = a + u. List the prime factors of q.
61
Suppose -16 = n - 4*q, 0 = 3*n - 2*q - 0*q - 2. Let m be 4 - (n + 14*-1). List the prime factors of (-4)/((-44)/m + 3).
2, 7
Let t = -404 - -2519. List the prime factors of t.
3, 5, 47
Let s be (-42)/27 - (-12)/(-27). List the prime factors of (170/15)/(s/(-9)).
3, 17
Suppose 5*f + 29885 = 8115. Let u be 4/7 + f/(-98). Suppose -b - u = -4*b. List the prime factors of b.
3, 5
Let u(c) be the second derivative of 5*c**4/12 + c**3/2 - 2*c**2 + c. Let l be u(3). Suppose -l = -10*d + 8*d. What are the prime factors of d?
5
Suppose 3*j - 47 = -2*m, -4*j = 5*m - 0*m - 72. Suppose -352 = -j*f + 38. List the prime factors of f.
2, 3, 5
Suppose -4*o = -2*h - 504 - 744, 0 = o - 4*h - 312. What are the prime factors of (o/(-10))/((-4)/40)?
2, 3, 13
Let l(j) = j**2 + 13*j + 14. Let s be l(-12). Suppose -3*t + s*r = -224, -t - 3*r + 80 = -r. List the prime factors of t.
2, 19
Let m(o) = o**3 + 5*o**2 - 2*o. Let g(p) = -p**2 - 5*p + 8. Let x be g(-7). Let v be m(x). Let h = v - -43. What are the prime factors of h?
19
Suppose 49*n = 54*n - 2005. What are the prime factors of n?
401
Let w be -1 + (-3 - -17) + 3. Suppose 2*p - 6*o - 14 = -2*o, -28 = p + 5*o. Let r = w + p. What are the prime factors of r?
13
Let t = 6 - 6. Suppose 4*m = m. Suppose m = -4*d - t*d + 100. What are the prime factors of d?
5
Let f be (-2)/5 - (-456)/15. Let m be f/9*3/2. Let i = -1 + m. List the prime factors of i.
2
Let b = 929 + -663. List the prime factors of b.
2, 7, 19
List the prime factors of (-2)/11 + (-570312)/(-396).
2, 3, 5
Suppose 0*h - 4*d = -3*h - 21, d = 3. List the prime factors of -3 + 3090/42 + h/(-7).
71
Let u(i) be the second derivative of -i**4/12 + 5*i**3/2 + 3*i**2 - 2*i. Let r be u(15). Suppose 5*l + 28 = r*l. What are the prime factors of l?
2, 7
Let m = 503 - -1833. What are the prime factors of m?
2, 73
Let h = -1994 - -3023. What are the prime factors of h?
3, 7
List the prime factors of 9196/52 - (-16)/104.
3, 59
Let j(m) = 2*m**3 - m**2 - 2. Let h be j(2). List the prime factors of h + 1 + (-15)/3.
2, 3
Let l(j) = -j**2 + 4*j + 8. Let y be l(6). Suppose -3*k - 15 - 21 = 0. List the prime factors of y + k/(-3) - -37.
37
Let h(d) = 5*d**2 - 12*d. Let p(r) = -14*r**2 + 36*r. Suppose -8 = 2*w + 14. Let l(j) = w*h(j) - 4*p(j). List the prime factors of l(13).
13
Let f = -277 + 877. List the prime factors of f.
2, 3, 5
Let c(x) = 8*x**2 + 5*x - 20. What are the prime factors of c(-15)?
5, 11, 31
Let p = -2 - -4. Suppose 2*z - 5*w - 25 = -3*z, -p*w = 2. Suppose -10 = z*a - 82. List the prime factors of a.
2, 3
What are the prime factors of 1/((28/44870)/((-12)/(-10)))?
3, 641
Let h = -19 - -20. Let r be -78*h/((-2)/4). Suppose -3*u + 7*u - r = 0. What are the prime factors of u?
3, 13
Suppose 49*b = 26163 + 11077. List the prime factors of b.
2, 5, 19
Suppose 6*u = 3*u. Let y(v) = -v. Let t be y(-2). Suppose u = -i - t*i + 165. List the prime factors of i.
5, 11
Suppose -41*n + 31793 = -31921. What are the prime factors of n?
2, 3, 7, 37
Let t = 2 - 0. Let x(y) = 3*y - 4. Let i be x(t). What are the prime factors of 52/2*3/i?
3, 13
Suppose 2*f + f - 5*z = 221, 298 = 4*f - 5*z. Suppose 4*k - 111 = f. Suppose 5*x - k = -2*a, 4*a - 2*x - 15 = 43. List the prime factors of a.
2
List the prime factors of ((-30)/(-9))/(4/(-6)) + 1951.
2, 7, 139
Let w = -36 + 41. Suppose u - 36 = w*c, 0*u + 4*u - 174 = 5*c. What are the prime factors of u?
2, 23
Let g(m) = -m + 2. Let f be g(-3). Suppose 23*h + h = -3*h. Suppose f*v + h - 110 = 0. List the prime factors of v.
2, 11
Let w(l) be the third derivative of 0 + 0*l - 1/120*l**6 + 4*l**2 + 0*l**3 + 0*l**5 + 1/6*l**4. List the prime factors of w(-3).
3, 5
Suppose -4*b = -5*v + 478, -v - 3*b = -b - 104. Suppose -v = 20*c - 22*c. List the prime factors of c.
7
List the prime factors of 10026/63 - (-1)/(-7).
3, 53
Let k(p) be the second derivative of 10*p + 1/6*p**3 + 0 + 57/2*p**2. What are the prime factors of k(0)?
3, 19
Let z = 404 - 970. Let b(d) = 2*d**3 - 8*d**2 + d + 8. Let r be b(5). What are the prime factors of 9/r - z/7?
3
Let x = 3084 + -2102. List the prime factors of x.
2, 491
Suppose -l + 9 = -c, 12 = -c - c - 4*l. Let a(x) = 2*x**2 - 4*x. List the prime factors of a(c).
2, 5
Suppose 2*b - 10*a = -5*a + 2065, 3*b - a = 3130. List the prime factors of b.
5, 11, 19
Let b = -15 + 21. Let d be 7/3 + b/9. Let s = 8 - d. What are the prime factors of s?
5
Suppose 0 = 4*u - 2*b - 146 - 1486, b = u - 409. What are the prime factors of u?
11, 37
Suppose 5*m + 2*m = 357. Let n = 195 - m. What are the prime factors of n?
2, 3
Let j be -1 - (-1)/(39/9 + -4). What are the prime factors of (5 - j) + 7 + 205?
5, 43
Suppose -2*z = 4*l - 878, 424 = 5*z - 4*z - 3*l. What are the prime factors of z?
433
Let z(f) = -10*f + 3. Let m be z(-5). Suppose -4*x + 46 + 18 = 2*y, 0 = -3*x - 2*y + 47. Suppose -4*q + m = x. What are the prime factors of q?
3
Suppose 0 = r - 10. Suppose -5*b + r = 0, 2*k + 0*b - 6 = 2*b. Suppose k*q = -4*c + 125, 2*c + 0*c + 53 = 3*q. What are the prime factors of q?
3, 7
Suppose -3*b = 4*r - 21, -b + 0*r + 4*r = 9. Suppose -b*p = -6*p - 1242. What are the prime factors of p/(-27) - 2/6?
3, 5
Suppose 4*a - 3*r - 1346 = 0, 3*a + 5*r - 1310 + 315 = 0. List the prime factors of a.
5, 67
Suppose 95*i - 60*i = 60550. List the prime factors of i.
2, 5, 173
Suppose -2*u + 5*j + 33 = -6*u, j - 3 = 4*u. Let q(m) = 8*m**2 - 6*m - 6. What are the prime factors of q(u)?
2, 19
Let t be 4/14 - (-361)/133. Suppose -t*k = -2*k - 6. Suppose 4*x = -4*z + 148, -2*x - 5*z = -k*x + 139. What are the prime factors of x?
2, 3
Suppose 18*x = 15*x + 15. Suppose -5*k = x - 35. Suppose 2*z = 22 + k. 